 1?
7
Evaluate (39 - 11) + -12 + -12.
4
7 + -1 + 1 + (-8 - -4)
3
Calculate -4 + 2 + (1 - -3).
2
Evaluate 7 - 2 - (4 + 0 + -2).
3
What is (-1 - (4 + 3)) + (8 - 4)?
-4
Calculate -11 - -30 - 9 - 17.
-7
What is 29 + -28 - (3 + -9)?
7
(7 - (-6 - -12)) + (6 - 1)
6
Calculate -4 + (11 + -14 - 3).
-10
What is 1 + (-5 - (-5 + 1)) + 0?
0
What is the value of -13 - -19 - (5 - 0)?
1
Evaluate -35 + 38 + -2 + 2.
3
What is the value of -16 + 24 + (-8 - -2)?
2
What is the value of (0 - -2 - 6) + -1?
-5
Evaluate -9 - -19 - 0 - 12.
-2
11 + -9 + (9 - 4) + -1
6
Evaluate -12 + 8 + -2 - (-1 - -1).
-6
Calculate 5 - ((4 - 1) + (-16 - -13)).
5
Calculate 3 - (2 - (2 - 4)).
-1
What is -7 - -10 - (9 + (-3 - 0))?
-3
(-4 - -8) + 0 + -1 - 1
2
What is the value of 9 + 6 + -10 + -12 - -3?
-4
What is the value of (1 - -3) + -7 - 0?
-3
((5 - 5) + 5 - 9) + 7
3
Calculate -53 - -47 - (-10 - -1 - -1).
2
What is the value of 3 + -6 + (2 - -1)?
0
What is the value of (-7 + 4 - 4) + 2 + 3?
-2
What is (1 - -3) + (4 - 1 - 2)?
5
-3 - (0 + -1 - (1 - 1))
-2
-10 + 19 + -7 + 5
7
Evaluate 4 + (-3 - -11) + -14.
-2
Calculate -3 - -1 - (-4 + (2 - 1)).
1
Calculate 44 + -48 + (11 + -1 - 2).
4
Calculate 1 + (-2 - (-2 + -2) - 3).
0
-4 + 8 + (2 - -1 - 3)
4
What is the value of (-4 - 3 - -2) + (12 - 0)?
7
What is the value of (-7 - (-1 - -2)) + (2 - -1)?
-5
-4 - (5 - -3 - 7)
-5
What is (-2 - 2) + 1 - -1?
-2
What is the value of -11 + 6 - ((1 - -2) + -7)?
-1
5 - (5 - 0) - -5
5
Calculate -10 + 4 + -1 + (-51 - -55).
-3
What is the value of (-7 - ((-5 - -2) + 0)) + 3?
-1
What is -2 + -1 + 10 + -6?
1
What is the value of 3 + (3 - 11 - -3) + -1?
-3
-5 - ((-5 - 0) + 0)
0
What is 5 + (-4 - (7 + -6))?
0
Evaluate -6 + (9 - 4 - -2).
1
4 - (6 - (-15 + 3 + 4))
-10
1 + -5 + (-5 - -9)
0
What is the value of 2 - 3 - -4 - 2?
1
What is 24 - 16 - ((-2 - 2) + 5)?
7
What is the value of 0 + (0 - (-2 - -3)) + -4?
-5
Calculate -9 + 11 + 0 + 5.
7
Evaluate -1 + -12 + (-16 - -32).
3
(-3 - -1) + -20 + 18
-4
Evaluate (7 - (12 - 10)) + (-8 - 0).
-3
Calculate -16 - (4 - (7 - 9) - 12).
-10
8 + (10 - 4) - 7
7
Evaluate -4 + 9 + -7 - (-4 - -1).
1
-4 + 7 + -10 - -3
-4
9 - ((8 - -3) + -8)
6
Evaluate -1 - 0 - -2 - -4.
5
What is -8 + 2 - (-6 - -4)?
-4
What is the value of 12 + -3 + -1 + (-2 - 3)?
3
What is -2 + -2 - -1 - (-1 + -7)?
5
What is -7 + 0 - ((-25 - -49) + -33)?
2
What is the value of 12 + (8 - 11) + -16?
-7
(7 - 2) + (-2 - 4)
-1
0 - 1 - (-3 - (5 - 8))
-1
Evaluate -1 - (-5 + 3 + 3).
-2
Calculate 0 + 4 + (5 - (-4 - -17)).
-4
Calculate 1 - ((-5 - -1) + 3).
2
What is (11 - 11) + 1 + 1?
2
What is the value of -13 + 3 + 7 + -6?
-9
What is the value of 5 + -17 + 1 + 11?
0
Calculate -4 + 10 + (-9 - -1) + 3.
1
What is 6 + -2 + (-11 - -13)?
6
What is the value of (3 - -1) + 7 + -8?
3
What is 3 + (6 - 9 - 3)?
-3
Calculate -7 + 0 + 0 + 4.
-3
What is the value of (3 - -2 - 1) + -4?
0
What is the value of -5 - -8 - (-4 - -4)?
3
What is the value of 19 + -7 - 6 - 1?
5
Evaluate 2 + (-2 - ((0 - 0) + -3)).
3
Calculate 4 + (-2 - 13) + 3 + 4.
-4
8 + -7 + 0 + 3
4
Calculate (-4 - (-4 + -6)) + (-12 - -1).
-5
What is 3 + -3 + 5 + -1?
4
11 - 20 - (-7 - 2)
0
Calculate 0 + -3 - 1 - 3 - -3.
-4
What is the value of -2 + 7 + -2 + -2?
1
Calculate (1 - (-1 + -1)) + (-10 - -11).
4
What is 3 - (-6 + (14 - 5))?
0
9 - (-4 + 0 - (13 - 21))
5
1 + (-11 - -9 - 6)
-7
Evaluate 5 + (-7 - 0) + 2.
0
What is the value of 4 + (4 - 13) + 5?
0
What is the value of -1 - (6 + -2) - -10?
5
(3 - (-6 - -4)) + 3 + -4
4
Calculate (2 - -2 - 3) + -2 + -1.
-2
-12 + 15 + -6 + 0 - 0
-3
What is the value of 5 - 2 - (5 + 0 + -5)?
3
-13 - (6 - (9 + 8))
-2
15 + -9 + -4 + (0 - 1)
1
9 + -8 + (8 - 4)
5
Calculate 2 - (-3 + 0 + 3 - -1).
1
Calculate (-3 - -9) + -2 - 4.
0
0 + (-3 + 2 - 3) + 5
1
What is -4 - (1 + -7 + (-9 - -4))?
7
What is the value of 1 + (4 - 4 - -4)?
5
Evaluate 13 - (20 + -8 - 0).
1
What is the value of -2 + (-3 + -4 - -6)?
-3
What is 1 + 6 + -35 + 30 - 6?
-4
Calculate -10 + -3 + 4 + 6.
-3
What is 30 - 28 - (9 - (4 - 2))?
-5
Calculate 1 + -1 + (-83 - -89).
6
What is the value of 6 - (0 + -6 - 5 - -8)?
9
What is -6 + (2 - 3) + 18 + -17?
-6
Evaluate -16 + (6 - -2) - -6.
-2
Calculate (-4 - (-17 + 6)) + 3 + -4.
6
Calculate -3 + (-5 + 0 - (-7 + 4)).
-5
What is the value of 2 + (-12 - (6 + -10))?
-6
Calculate -9 + 12 + 0 + -9.
-6
What is -3 + (4 - 4) + 6 + 3?
6
What is 11 - (3 - 5 - -6)?
7
-16 + 11 + -4 - -7
-2
What is -2 + -3 + (1 - -9)?
5
What is the value of -3 - (2 + -2 + -4)?
1
What is (-3 - -13) + -5 - 1?
4
Calculate -2 + 6 + (-5 - -2).
1
-7 + (5 - (-7 - -2))
3
What is -1 + -1 + (-3 - -7)?
2
What is 0 + -2 + 0 + 7 + -8?
-3
Calculate (-9 - ((3 - 8) + 1)) + 2.
-3
What is the value of 47 + -51 + (0 + 1 - 2)?
-5
What is the value of -4 + -1 + (-6 - -22)?
11
What is the value of 119 + -105 + (1 - 0 - 7)?
8
0 + 0 + -11 + 6 + -4
-9
What is the value of 2 - (-6 + (-3 - -1)) - 4?
6
(2 - 2) + (8 - 4)
4
What is the value of 8 + -8 + 2 + 3?
5
Calculate 8 + 2 + -10 + -5.
-5
What is the value of (-6 - (-6 - (-1 + 4))) + 5?
8
What is the value of (-3 + 7 - 4) + -5?
-5
-22 - (8 - (-9 + 29))
-10
What is the value of (0 - (13 + -14)) + -7?
-6
Evaluate (13 + -5 - 5) + -2 + 1.
2
What is the value of -1 - (-4 + 10) - (-1 - 1)?
-5
Evaluate (3 - (6 - 2)) + -1.
-2
What is the value of (8 - (11 - 3)) + 2?
2
(6 - 4) + -4 + (-9 - -1)
-10
Calculate 0 - (1 + 0 + 1 - 1).
-1
Evaluate 0 + (-4 - -2) + (-2 - -4).
0
(-1 + 6 - -1) + -5 - -2
3
-2 + -2 + (2 - 4 - -5)
-1
What is -1 - (0 + (0 - 4) - -1)?
2
Calculate 4 + -12 + 2 + 2 + -1.
-5
Calculate -7 - 4 - (0 - 3).
-8
What is -1 + 5 + -4 - 6?
-6
-3 + (0 - (2 - 4))
-1
1 - 2 - (-1 - -2)
-2
Evaluate -1 - (0 - (3 + -4)).
-2
What is the value of 1 + (4 - 1) + -5?
-1
0 - (3 - 2) - (-4 + 6)
-3
-2 + (-1 + -10 - -7 - -10)
4
Calculate -1 - 0 - -1 - (6 + -3).
-3
Calculate -6 + 0 + 2 + 1 - -2.
-1
What is -1 - (-2 - -2 - (21 - 16))?
4
6 - ((-6 - (1 + -5)) + 1)
7
Evaluate (-3 - -5) + (-3 - 4).
-5
Evaluate -10 - -1 - -5 - -7.
3
What is 5 + -3 + -5 + 4?
1
Calculate (5 + 1 - 3) + (5 - 3).
5
Calculate (-9 - -2 - -2 - -9) + 0.
4
Evaluate -2 + (2 - -2) + -4.
-2
Evaluate (-6 - -13) + 6 - 9.
4
Calculate -2 + -6 + 3 + 9 + 4.
8
(-18 - -20 - (0 - -5)) + 7
4
What is the value of -1 - (-1 + (-1 - -2 - -1))?
-2
(-4 + 2 - -7) + -120 + 124
9
What is (-2 - -3) + -1 + (8 - 14)?
-6
Calculate (2 - 7) + 0 + 4.
-1
Evaluate (-2 + 2 - 1) + -6 + 1.
-6
Evaluate (-30 - -25) + (3 - -2) - -6.
6
Evaluate -2 - -2 - (7 - 3) - -1.
-3
Calculate -5 - 2 - (-3 + -2 + 2).
-4
Evaluate (0 - (-4 + 3)) + 2 - 4.
-1
What is 2 + (-2 - -2 - -2) - -1?
5
What is the value of -1 + 2 + 11 + -12 + 4?
4
Evaluate -7 + (-1 + -2 - (3 - 7)).
-6
Calculate 5 + -2 + (2 - 1).
4
Calculate -15 - -14 - (0 + -8).
7
Evaluate (8 - 24 - -10) + 0.
-6
(-4 - 3 - -3) + 5 + 2
3
Calculate 4 + -10 - (0 + 4) - -4.
-6
Calculate 3 + 1 - (-2 + -1 - -9).
-2
Calculate -1 + 1 + (-5 - -30 - 29).
-4
Calculate (6 + -19 + 2 - 0) + 3.
-8
(-5 - (-4 - 3 - -4)) + 3
1
Evaluate 8 + 3 + -9 - (7 + -1).
-4
Calculate (-43 - -35) + 5 + 0.
-3
1 + (3 - (-4 + 9)) - 1
-2
Evaluate -30 + 43 - ((-1 - 0) + 7).
7
-6 + (5 - 2) - -7
4
-9 + 7 - -4 - -3
5
Evaluate 2 + (13 - 8) + -13.
-6
Calculate -5 + 4 + -1 + 0 + 0.
-2
What is the value of -10 - (-1 - (-1 + 10))?
0
Calculate -6 + (7 - -7) + -15.
-7
Evaluate 1 + (-9 - 0) + 3.
-5
Evaluate 30 + -25 + (2 + -5 - -2).
4
What is the value of (6 - -1) + (0 - (-2 + 5))?
4
-4 - (7 - 4) - -3 - 0
-4
What is the value of (17 - 16) + -1 + -2 - -8?
6
Evaluate -1 - (-2 + -1 + 1).
1
Calculate 2 + -1 + -1 + -3.
-3
What is -13 + 4 - (-2 - 4)?
-3
Calculate (-2 - -1 - -6) + -6 + 5.
4
3 - (-4 + 4) - (0 + 0)
3
Calculate (-11 - -22) + (-1 - 2).
8
-8 + (-2 + -6 - -8)
-8
What is the value of -3 + -2 + (2 - (-21 + 9))?
9
What is the value of -2 - (3 + 4 - 13)?
4
Evaluate -2 + 4 + 2 + (-4 - -1).
1
What is the value of -2 + (-3 - -4) - 4?
-5
What is the value of 3 + 2 + 2 + -1?
6
Evaluate -4 + 2 - (40 + -39).
-3
Evaluate 16 + -12 + (1 - 10) + 11.
6
-3 - (13 + 1 + -10)
-7
Evaluate (7 - (3 + -4)) + -10.
-2
What is 0 - (-2 + -2 - (-22 - -14))?
-4
(-4 - (-4 + (4 - 0))) + 4
0
What is the value of -7 + 3 + 4 + 4?
4
Evaluate -3 + (-6 - (1 - (6 + -1))).
-5
1 + (1 - 1) + -2 + 10
9
Calculate 4 + -2 - (2 - (4 - 0)).
4
-21 + 10 + 14 + (-3 - 1)
-1
(91 - 96) + 9 + -1
3
What 